{"id":781,"date":"2018-06-25T14:24:54","date_gmt":"2018-06-25T14:24:54","guid":{"rendered":"http:\/\/www.marquesmater.pt\/novo\/?post_type=product&#038;p=781"},"modified":"2026-03-19T15:00:26","modified_gmt":"2026-03-19T15:00:26","slug":"carro-porta-mangueira","status":"publish","type":"product","link":"https:\/\/www.marquesmater.pt\/novo\/produto\/carro-porta-mangueira\/","title":{"rendered":"Carro porta mangueira"},"content":{"rendered":"<p>Carro porta mangueira<\/p>\n<p>Encaixe r\u00e1pido em alum\u00ednio<\/p>\n","protected":false},"excerpt":{"rendered":"<p>*Promo\u00e7\u00e3o v\u00e1lida de 19 de Julho a 31 de Agosto de 2024<\/p>\n","protected":false},"featured_media":4128,"template":"","meta":{"_et_pb_use_builder":"","_et_pb_old_content":"","_et_gb_content_width":""},"product_brand":[],"product_cat":[265,100,173],"product_tag":[],"class_list":{"0":"post-781","1":"product","2":"type-product","3":"status-publish","4":"has-post-thumbnail","6":"product_cat-acessorios-de-mangueira-de-jardim","7":"product_cat-jardim","8":"product_cat-vito","10":"first","11":"instock","12":"shipping-taxable","13":"purchasable","14":"product-type-simple"},"_links":{"self":[{"href":"https:\/\/www.marquesmater.pt\/novo\/wp-json\/wp\/v2\/product\/781","targetHints":{"allow":["GET"]}}],"collection":[{"href":"https:\/\/www.marquesmater.pt\/novo\/wp-json\/wp\/v2\/product"}],"about":[{"href":"https:\/\/www.marquesmater.pt\/novo\/wp-json\/wp\/v2\/types\/product"}],"wp:featuredmedia":[{"embeddable":true,"href":"https:\/\/www.marquesmater.pt\/novo\/wp-json\/wp\/v2\/media\/4128"}],"wp:attachment":[{"href":"https:\/\/www.marquesmater.pt\/novo\/wp-json\/wp\/v2\/media?parent=781"}],"wp:term":[{"taxonomy":"product_brand","embeddable":true,"href":"https:\/\/www.marquesmater.pt\/novo\/wp-json\/wp\/v2\/product_brand?post=781"},{"taxonomy":"product_cat","embeddable":true,"href":"https:\/\/www.marquesmater.pt\/novo\/wp-json\/wp\/v2\/product_cat?post=781"},{"taxonomy":"product_tag","embeddable":true,"href":"https:\/\/www.marquesmater.pt\/novo\/wp-json\/wp\/v2\/product_tag?post=781"}],"curies":[{"name":"wp","href":"https:\/\/api.w.org\/{rel}","templated":true}]}}