{"id":3941,"date":"2024-10-23T11:16:19","date_gmt":"2024-10-23T11:16:19","guid":{"rendered":"https:\/\/www.marquesmater.pt\/novo\/?post_type=product&#038;p=3941"},"modified":"2024-10-23T13:21:04","modified_gmt":"2024-10-23T13:21:04","slug":"cola-e-veda-pu-40fc-branco-290ml","status":"publish","type":"product","link":"https:\/\/www.marquesmater.pt\/novo\/produto\/cola-e-veda-pu-40fc-branco-290ml\/","title":{"rendered":"Cola e Veda PU (40FC) Branco 290ml"},"content":{"rendered":"<p>Selante adesivo de poliuretano<br \/>\nSelante e Adesivo de Poliuretano. Produto para diversos tipos de veda\u00e7\u00e3o e colagens el\u00e1sticas na constru\u00e7\u00e3o e para trabalhos dentro e fora de casa. Excelente adesividade em materiais porosos (cimento) e n\u00e3o porosos (chapas, pe\u00e7as met\u00e1licas).<\/p>\n<p>Aplica\u00e7\u00f5es<br \/>\nTodas as aplica\u00e7\u00f5es de veda\u00e7\u00e3o entre materiais de constru\u00e7\u00e3o, chapas e pe\u00e7as met\u00e1licas, inclusive veda\u00e7\u00e3o de calhas. Colagens em constru\u00e7\u00f5es sujeitas a vibra\u00e7\u00e3o, inclusive constru\u00e7\u00f5es met\u00e1licas. Juntas de contra\u00e7\u00e3o e dilata\u00e7\u00e3o em pisos de bet\u00e3o e fachadas. Colagem e veda\u00e7\u00e3o de telhas.<\/p>\n","protected":false},"excerpt":{"rendered":"<p>Selante adesivo de poliuretano Selante e Adesivo de Poliuretano. Produto para diversos tipos de veda\u00e7\u00e3o e colagens el\u00e1sticas na constru\u00e7\u00e3o e para trabalhos dentro e fora de casa. Excelente adesividade em materiais porosos (cimento) e n\u00e3o porosos (chapas, pe\u00e7as met\u00e1licas). Aplica\u00e7\u00f5es Todas as aplica\u00e7\u00f5es de veda\u00e7\u00e3o entre materiais de constru\u00e7\u00e3o, chapas e pe\u00e7as met\u00e1licas, inclusive [&hellip;]<\/p>\n","protected":false},"featured_media":3942,"template":"","meta":{"_et_pb_use_builder":"","_et_pb_old_content":"","_et_gb_content_width":""},"product_brand":[],"product_cat":[280,279,281],"product_tag":[],"class_list":{"0":"post-3941","1":"product","2":"type-product","3":"status-publish","4":"has-post-thumbnail","6":"product_cat-cola-e-veda","7":"product_cat-fixacao-quimica","8":"product_cat-soudal","10":"first","11":"instock","12":"shipping-taxable","13":"purchasable","14":"product-type-simple"},"_links":{"self":[{"href":"https:\/\/www.marquesmater.pt\/novo\/wp-json\/wp\/v2\/product\/3941","targetHints":{"allow":["GET"]}}],"collection":[{"href":"https:\/\/www.marquesmater.pt\/novo\/wp-json\/wp\/v2\/product"}],"about":[{"href":"https:\/\/www.marquesmater.pt\/novo\/wp-json\/wp\/v2\/types\/product"}],"wp:featuredmedia":[{"embeddable":true,"href":"https:\/\/www.marquesmater.pt\/novo\/wp-json\/wp\/v2\/media\/3942"}],"wp:attachment":[{"href":"https:\/\/www.marquesmater.pt\/novo\/wp-json\/wp\/v2\/media?parent=3941"}],"wp:term":[{"taxonomy":"product_brand","embeddable":true,"href":"https:\/\/www.marquesmater.pt\/novo\/wp-json\/wp\/v2\/product_brand?post=3941"},{"taxonomy":"product_cat","embeddable":true,"href":"https:\/\/www.marquesmater.pt\/novo\/wp-json\/wp\/v2\/product_cat?post=3941"},{"taxonomy":"product_tag","embeddable":true,"href":"https:\/\/www.marquesmater.pt\/novo\/wp-json\/wp\/v2\/product_tag?post=3941"}],"curies":[{"name":"wp","href":"https:\/\/api.w.org\/{rel}","templated":true}]}}