{"id":3934,"date":"2024-10-22T16:50:52","date_gmt":"2024-10-22T16:50:52","guid":{"rendered":"https:\/\/www.marquesmater.pt\/novo\/?post_type=product&#038;p=3934"},"modified":"2025-03-13T00:00:17","modified_gmt":"2025-03-13T00:00:17","slug":"set-turbo-smart-166140-vileda","status":"publish","type":"product","link":"https:\/\/www.marquesmater.pt\/novo\/produto\/set-turbo-smart-166140-vileda\/","title":{"rendered":"Set turbo Smart 166140 VILEDA"},"content":{"rendered":"<p>SET TURBO SMART. PERMITE-TE ESCORRER COM MAIOR COMODIDADE E SEM TER QUE FAZER FOR\u00c7A COM OS BRA\u00c7OS. CAPACIDADE DE 5L. 46,6&#215;26,6&#215;24,6cm. CABO DE 3 PE\u00c7AS COMO FREGONA 100% DE MICROFIBRAS. 166140 VILEDA<\/p>\n","protected":false},"excerpt":{"rendered":"<p>SET TURBO SMART. PERMITE-TE ESCORRER COM MAIOR COMODIDADE E SEM TER QUE FAZER FOR\u00c7A COM OS BRA\u00c7OS. CAPACIDADE DE 5L. 46,6&#215;26,6&#215;24,6cm. CABO DE 3 PE\u00c7AS COMO FREGONA 100% DE MICROFIBRAS. 166140 VILEDA<\/p>\n","protected":false},"featured_media":3935,"template":"","meta":{"_et_pb_use_builder":"","_et_pb_old_content":"","_et_gb_content_width":""},"product_brand":[],"product_cat":[242,98,105],"product_tag":[],"class_list":{"0":"post-3934","1":"product","2":"type-product","3":"status-publish","4":"has-post-thumbnail","6":"product_cat-baldes-c-esfregona","7":"product_cat-domesticos","8":"product_cat-limpeza","10":"first","11":"instock","12":"shipping-taxable","13":"purchasable","14":"product-type-simple"},"_links":{"self":[{"href":"https:\/\/www.marquesmater.pt\/novo\/wp-json\/wp\/v2\/product\/3934","targetHints":{"allow":["GET"]}}],"collection":[{"href":"https:\/\/www.marquesmater.pt\/novo\/wp-json\/wp\/v2\/product"}],"about":[{"href":"https:\/\/www.marquesmater.pt\/novo\/wp-json\/wp\/v2\/types\/product"}],"wp:featuredmedia":[{"embeddable":true,"href":"https:\/\/www.marquesmater.pt\/novo\/wp-json\/wp\/v2\/media\/3935"}],"wp:attachment":[{"href":"https:\/\/www.marquesmater.pt\/novo\/wp-json\/wp\/v2\/media?parent=3934"}],"wp:term":[{"taxonomy":"product_brand","embeddable":true,"href":"https:\/\/www.marquesmater.pt\/novo\/wp-json\/wp\/v2\/product_brand?post=3934"},{"taxonomy":"product_cat","embeddable":true,"href":"https:\/\/www.marquesmater.pt\/novo\/wp-json\/wp\/v2\/product_cat?post=3934"},{"taxonomy":"product_tag","embeddable":true,"href":"https:\/\/www.marquesmater.pt\/novo\/wp-json\/wp\/v2\/product_tag?post=3934"}],"curies":[{"name":"wp","href":"https:\/\/api.w.org\/{rel}","templated":true}]}}