{"id":3927,"date":"2024-10-21T16:13:34","date_gmt":"2024-10-21T16:13:34","guid":{"rendered":"https:\/\/www.marquesmater.pt\/novo\/?post_type=product&#038;p=3927"},"modified":"2026-03-19T09:31:59","modified_gmt":"2026-03-19T09:31:59","slug":"aquecedor-modelo-vertical-cor-branco-1000-2000w-edm","status":"publish","type":"product","link":"https:\/\/www.marquesmater.pt\/novo\/produto\/aquecedor-modelo-vertical-cor-branco-1000-2000w-edm\/","title":{"rendered":"Aquecedor modelo vertical cor branco 1000-2000W EDM"},"content":{"rendered":"<p>AQUECEDOR MODELO VERTICAL. COR BRANCO . POT\u00caNCIA: 750-1500W- 50Hz. POSI\u00c7\u00c3O AR FRIO. PROTE\u00c7\u00c3O CONTRA SOBREAQUECIMENTO. DIMENS\u00d5ES: 21&#215;12,5x27cm 220-240V (EMBALAGEM 6 UNIDADES) EDM<\/p>\n","protected":false},"excerpt":{"rendered":"<p>AQUECEDOR MODELO VERTICAL. COR BRANCO . POT\u00caNCIA: 750-1500W- 50Hz. POSI\u00c7\u00c3O AR FRIO. PROTE\u00c7\u00c3O CONTRA SOBREAQUECIMENTO. DIMENS\u00d5ES: 21&#215;12,5x27cm 220-240V (EMBALAGEM 6 UNIDADES) EDM<\/p>\n","protected":false},"featured_media":3928,"template":"","meta":{"_et_pb_use_builder":"","_et_pb_old_content":"","_et_gb_content_width":""},"product_brand":[],"product_cat":[278,277],"product_tag":[],"class_list":{"0":"post-3927","1":"product","2":"type-product","3":"status-publish","4":"has-post-thumbnail","6":"product_cat-climatizacao-e-aquecimento","7":"product_cat-electrdomesticos","9":"first","10":"instock","11":"shipping-taxable","12":"purchasable","13":"product-type-simple"},"_links":{"self":[{"href":"https:\/\/www.marquesmater.pt\/novo\/wp-json\/wp\/v2\/product\/3927","targetHints":{"allow":["GET"]}}],"collection":[{"href":"https:\/\/www.marquesmater.pt\/novo\/wp-json\/wp\/v2\/product"}],"about":[{"href":"https:\/\/www.marquesmater.pt\/novo\/wp-json\/wp\/v2\/types\/product"}],"wp:featuredmedia":[{"embeddable":true,"href":"https:\/\/www.marquesmater.pt\/novo\/wp-json\/wp\/v2\/media\/3928"}],"wp:attachment":[{"href":"https:\/\/www.marquesmater.pt\/novo\/wp-json\/wp\/v2\/media?parent=3927"}],"wp:term":[{"taxonomy":"product_brand","embeddable":true,"href":"https:\/\/www.marquesmater.pt\/novo\/wp-json\/wp\/v2\/product_brand?post=3927"},{"taxonomy":"product_cat","embeddable":true,"href":"https:\/\/www.marquesmater.pt\/novo\/wp-json\/wp\/v2\/product_cat?post=3927"},{"taxonomy":"product_tag","embeddable":true,"href":"https:\/\/www.marquesmater.pt\/novo\/wp-json\/wp\/v2\/product_tag?post=3927"}],"curies":[{"name":"wp","href":"https:\/\/api.w.org\/{rel}","templated":true}]}}