{"id":3790,"date":"2024-10-16T14:17:20","date_gmt":"2024-10-16T14:17:20","guid":{"rendered":"https:\/\/www.marquesmater.pt\/novo\/?post_type=product&#038;p=3790"},"modified":"2024-10-16T14:17:20","modified_gmt":"2024-10-16T14:17:20","slug":"lanterna-led-solar-recarregavel-com-gancho-e-iman-cob-10w-750lm-edm","status":"publish","type":"product","link":"https:\/\/www.marquesmater.pt\/novo\/produto\/lanterna-led-solar-recarregavel-com-gancho-e-iman-cob-10w-750lm-edm\/","title":{"rendered":"LANTERNA LED SOLAR RECARREG\u00c1VEL COM GANCHO E \u00cdMAN COB 10W 750lm EDM"},"content":{"rendered":"<p>Lanterna LED solar recarreg\u00e1vel com gancho e \u00edman COB 10W 750lm. Inclui uma luz superior adicional de 3W 70lm, bateria l\u00edtio de 4000mAh. Fun\u00e7\u00e3o powerbank. Tempo de carga com cabo USB 5-6h. Design ultra fino. IP20. Fun\u00e7\u00e3o de carga solar: ideal para situa\u00e7\u00f5es de emerg\u00eancia, carregando aproximadamente 12 horas = 20% carga da bateria aproximadamente. Autonomia aproximada de 6 a 8 horas. EDM<\/p>\n","protected":false},"excerpt":{"rendered":"<div class=\"key\">Peso: 0,206 kg<\/div>\n<div class=\"key\">Pot\u00eancia:\u00a010 w<\/div>\n<div class=\"key\">Cor: preto\/amarelo<\/div>\n<div class=\"key\">Caracter\u00edsticas: -Indicador luminoso de carga inclu\u00eddo<\/div>\n<div class=\"value\">\u00a0 \u00a0 \u00a0 \u00a0 \u00a0 \u00a0 \u00a0 \u00a0 \u00a0 \u00a0 \u00a0 \u00a0 \u00a0 -Com interruptor on \/ off<\/div>\n<div>\u00a0 \u00a0 \u00a0 \u00a0 \u00a0 \u00a0 \u00a0 \u00a0 \u00a0 \u00a0 \u00a0 \u00a0 \u00a0 -inclui uma luz superior frontal de 3W 70lm<\/div>\n<div>\u00a0 \u00a0 \u00a0 \u00a0 \u00a0 \u00a0 \u00a0 \u00a0 \u00a0 \u00a0 \u00a0 \u00a0 \u00a0 -fun\u00e7\u00e3o powerbank<\/div>\n<div>\u00a0 \u00a0 \u00a0 \u00a0 \u00a0 \u00a0 \u00a0 \u00a0 \u00a0 \u00a0 \u00a0 \u00a0 \u00a0 -base magn\u00e9tica e gancho<\/div>\n<div>\u00a0 \u00a0 \u00a0 \u00a0 \u00a0 \u00a0 \u00a0 \u00a0 \u00a0 \u00a0 \u00a0 \u00a0 \u00a0 -desenho ultra-fino 1,8cm<\/div>\n<div>\u00a0 \u00a0 \u00a0 \u00a0 \u00a0 \u00a0 \u00a0 \u00a0 \u00a0 \u00a0 \u00a0 \u00a0 \u00a0 -cabo de carga usb-c inclu\u00eddo<\/div>\n<div>\u00a0 \u00a0 \u00a0 \u00a0 \u00a0 \u00a0 \u00a0 \u00a0 \u00a0 \u00a0 \u00a0 \u00a0 \u00a0 -recarreg\u00e1vel por usb ou luz solar<\/div>\n<div class=\"key\">Tipo: lanterna solar<\/div>\n<div class=\"key\">Luminosidade: -3 intensidades de luz: 750 lm \/ 450 lm \/ 250 lm<\/div>\n<div class=\"value\">\u00a0 \u00a0 \u00a0 \u00a0 \u00a0 \u00a0 \u00a0 \u00a0 \u00a0 \u00a0 \u00a0 \u00a0 \u00a0&#8211; 2 intensidades de luz roja: normal + flash<\/div>\n<div class=\"key\">Grado protecci\u00f3n ip<\/div>\n<div class=\"value\">Ip20<\/div>\n<div class=\"key\">Temperatura de luz<\/div>\n<div class=\"value\">6.500 k<\/div>\n<div class=\"key\">Tipo de luz<\/div>\n<div class=\"value\">Luz fr\u00eda \/ roja<\/div>\n<div class=\"key\">Autonom\u00eda<\/div>\n<div class=\"value\">Aprox. de 6 a 8 horas<\/div>\n<div class=\"key\">Caracter\u00edsticas<\/div>\n<div class=\"value\">Tiempo de carga solar 12 h = 20 % de la carga<\/div>\n<div class=\"key\">Caracter\u00edsticas<\/div>\n<div class=\"value\">Tiempo de carga con cable usb 5 &#8211; 6 h<\/div>\n<div class=\"key\">Medida<\/div>\n<div class=\"value\">7 x 14 x 1,5 cm<\/div>\n<div class=\"key\">M\u00e1ximo de voltios y amperios de carga<\/div>\n<div class=\"value\">5 v &#8211; 2 a<\/div>\n<div class=\"key\">Peso de pl\u00e1stico<\/div>\n<div class=\"value\">5 g<\/div>\n<div class=\"key\">Pa\u00eds de origem<\/div>\n<div class=\"value\">CN<\/div>\n","protected":false},"featured_media":3791,"template":"","meta":{"_et_pb_use_builder":"","_et_pb_old_content":"","_et_gb_content_width":""},"product_brand":[],"product_cat":[76,86,15],"product_tag":[],"class_list":{"0":"post-3790","1":"product","2":"type-product","3":"status-publish","4":"has-post-thumbnail","6":"product_cat-iluminacao","7":"product_cat-lanternas","8":"product_cat-sem-categoria","10":"first","11":"instock","12":"shipping-taxable","13":"purchasable","14":"product-type-simple"},"_links":{"self":[{"href":"https:\/\/www.marquesmater.pt\/novo\/wp-json\/wp\/v2\/product\/3790","targetHints":{"allow":["GET"]}}],"collection":[{"href":"https:\/\/www.marquesmater.pt\/novo\/wp-json\/wp\/v2\/product"}],"about":[{"href":"https:\/\/www.marquesmater.pt\/novo\/wp-json\/wp\/v2\/types\/product"}],"wp:featuredmedia":[{"embeddable":true,"href":"https:\/\/www.marquesmater.pt\/novo\/wp-json\/wp\/v2\/media\/3791"}],"wp:attachment":[{"href":"https:\/\/www.marquesmater.pt\/novo\/wp-json\/wp\/v2\/media?parent=3790"}],"wp:term":[{"taxonomy":"product_brand","embeddable":true,"href":"https:\/\/www.marquesmater.pt\/novo\/wp-json\/wp\/v2\/product_brand?post=3790"},{"taxonomy":"product_cat","embeddable":true,"href":"https:\/\/www.marquesmater.pt\/novo\/wp-json\/wp\/v2\/product_cat?post=3790"},{"taxonomy":"product_tag","embeddable":true,"href":"https:\/\/www.marquesmater.pt\/novo\/wp-json\/wp\/v2\/product_tag?post=3790"}],"curies":[{"name":"wp","href":"https:\/\/api.w.org\/{rel}","templated":true}]}}

LANTERNA LED SOLAR RECARREGÁVEL COM GANCHO E ÍMAN COB 10W 750lm EDM

<p>Lanterna LED solar recarregável com gancho e íman COB 10W 750lm. Inclui uma luz superior adicional de 3W 70lm, bateria lítio de 4000mAh. Função powerbank. Tempo de carga com cabo USB 5-6h. Design ultra fino. IP20. Função de carga solar: ideal para situações de emergência, carregando aproximadamente 12 horas = 20% carga da bateria aproximadamente. Autonomia aproximada de 6 a 8 horas. EDM</p>

<div class="key">Peso: 0,206 kg</div>
<div class="key">Potência: 10 w</div>
<div class="key">Cor: preto/amarelo</div>
<div class="key">Características: -Indicador luminoso de carga incluído</div>
<div class="value">                          -Com interruptor on / off</div>
<div>                          -inclui uma luz superior frontal de 3W 70lm</div>
<div>                          -função powerbank</div>
<div>                          -base magnética e gancho</div>
<div>                          -desenho ultra-fino 1,8cm</div>
<div>                          -cabo de carga usb-c incluído</div>
<div>                          -recarregável por usb ou luz solar</div>
<div class="key">Tipo: lanterna solar</div>
<div class="key">Luminosidade: -3 intensidades de luz: 750 lm / 450 lm / 250 lm</div>
<div class="value">                         &#8211; 2 intensidades de luz roja: normal + flash</div>
<div class="key">Grado protección ip</div>
<div class="value">Ip20</div>
<div class="key">Temperatura de luz</div>
<div class="value">6.500 k</div>
<div class="key">Tipo de luz</div>
<div class="value">Luz fría / roja</div>
<div class="key">Autonomía</div>
<div class="value">Aprox. de 6 a 8 horas</div>
<div class="key">Características</div>
<div class="value">Tiempo de carga solar 12 h = 20 % de la carga</div>
<div class="key">Características</div>
<div class="value">Tiempo de carga con cable usb 5 &#8211; 6 h</div>
<div class="key">Medida</div>
<div class="value">7 x 14 x 1,5 cm</div>
<div class="key">Máximo de voltios y amperios de carga</div>
<div class="value">5 v &#8211; 2 a</div>
<div class="key">Peso de plástico</div>
<div class="value">5 g</div>
<div class="key">País de origem</div>
<div class="value">CN</div>
