{"id":3769,"date":"2024-04-29T13:46:34","date_gmt":"2024-04-29T13:46:34","guid":{"rendered":"https:\/\/www.marquesmater.pt\/novo\/?post_type=product&#038;p=3769"},"modified":"2024-06-01T00:03:21","modified_gmt":"2024-06-01T00:03:21","slug":"kit-de-nebulizacao","status":"publish","type":"product","link":"https:\/\/www.marquesmater.pt\/novo\/produto\/kit-de-nebulizacao\/","title":{"rendered":"Kit de nebuliza\u00e7\u00e3o"},"content":{"rendered":"<p>Kit nebuliza\u00e7\u00e3o por \u00e1gua pulverizada de instala\u00e7\u00e3o f\u00e1cil. Baixa a temperatura at\u00e9 11 \u00baC. Cria uma cortina refrescante que isola o calor externo do ar refrigerado. Concebido para utiliza\u00e7\u00e3o no exterior.<\/p>\n<p><strong>Entrega entre 5 a 10 dias \u00fateis.<\/strong><\/p>\n","protected":false},"excerpt":{"rendered":"<p>Kit nebuliza\u00e7\u00e3o por \u00e1gua pulverizada de instala\u00e7\u00e3o f\u00e1cil. Baixa a temperatura at\u00e9 11 \u00baC. Cria uma cortina refrescante que isola o calor externo do ar refrigerado. Concebido para utiliza\u00e7\u00e3o no exterior.<\/p>\n<p>15mts de comprimento<\/p>\n<p><strong>Entrega entre 5 a 10 dias \u00fateis.<\/strong><\/p>\n","protected":false},"featured_media":3772,"template":"","meta":{"_et_pb_use_builder":"","_et_pb_old_content":"","_et_gb_content_width":""},"product_brand":[],"product_cat":[100,106],"product_tag":[],"class_list":{"0":"post-3769","1":"product","2":"type-product","3":"status-publish","4":"has-post-thumbnail","6":"product_cat-jardim","7":"product_cat-utilidades-domesticos","9":"first","10":"instock","11":"shipping-taxable","12":"purchasable","13":"product-type-simple"},"_links":{"self":[{"href":"https:\/\/www.marquesmater.pt\/novo\/wp-json\/wp\/v2\/product\/3769","targetHints":{"allow":["GET"]}}],"collection":[{"href":"https:\/\/www.marquesmater.pt\/novo\/wp-json\/wp\/v2\/product"}],"about":[{"href":"https:\/\/www.marquesmater.pt\/novo\/wp-json\/wp\/v2\/types\/product"}],"wp:featuredmedia":[{"embeddable":true,"href":"https:\/\/www.marquesmater.pt\/novo\/wp-json\/wp\/v2\/media\/3772"}],"wp:attachment":[{"href":"https:\/\/www.marquesmater.pt\/novo\/wp-json\/wp\/v2\/media?parent=3769"}],"wp:term":[{"taxonomy":"product_brand","embeddable":true,"href":"https:\/\/www.marquesmater.pt\/novo\/wp-json\/wp\/v2\/product_brand?post=3769"},{"taxonomy":"product_cat","embeddable":true,"href":"https:\/\/www.marquesmater.pt\/novo\/wp-json\/wp\/v2\/product_cat?post=3769"},{"taxonomy":"product_tag","embeddable":true,"href":"https:\/\/www.marquesmater.pt\/novo\/wp-json\/wp\/v2\/product_tag?post=3769"}],"curies":[{"name":"wp","href":"https:\/\/api.w.org\/{rel}","templated":true}]}}