{"id":3701,"date":"2024-03-18T17:40:10","date_gmt":"2024-03-18T17:40:10","guid":{"rendered":"https:\/\/www.marquesmater.pt\/novo\/?post_type=product&#038;p=3701"},"modified":"2026-03-19T09:49:10","modified_gmt":"2026-03-19T09:49:10","slug":"neucesoft","status":"publish","type":"product","link":"https:\/\/www.marquesmater.pt\/novo\/produto\/neucesoft\/","title":{"rendered":"Neucesoft"},"content":{"rendered":"<p>Tinta Pl\u00e1stica Sedosa De Alta Qualidade<\/p>\n<p class=\"titulo-prod\">Caracter\u00edsticas<\/p>\n<p>Tinta pl\u00e1stica aquosa, formulada \u00e0 base de copol\u00edmeros vin\u00edlicos, com pigmentos e cargas de alta qualidade. Excelente resist\u00eancia \u00e0 esfrega h\u00famida (de f\u00e1cil limpeza) e ao desenvolvimento de fungos.<\/p>\n<p>\u00c9 uma tinta destinada para pintura de paredes interiores devido ao acabamento sedoso e boa lacagem que apresenta.<\/p>\n<ul>\n<li>Sedosa ao tato<\/li>\n<li>Boa lacagem, opacidade e brancura<\/li>\n<li>F\u00e1cil aplica\u00e7\u00e3o e bom rendimento<\/li>\n<li>Boa resist\u00eancia \u00e0 esfrega h\u00famida frequente<\/li>\n<li>Afin\u00e1vel em BIGMIX<\/li>\n<\/ul>\n","protected":false},"excerpt":{"rendered":"<p>Tinta Pl\u00e1stica Sedosa De Alta Qualidade Caracter\u00edsticas Tinta pl\u00e1stica aquosa, formulada \u00e0 base de copol\u00edmeros vin\u00edlicos, com pigmentos e cargas de alta qualidade. Excelente resist\u00eancia \u00e0 esfrega h\u00famida (de f\u00e1cil limpeza) e ao desenvolvimento de fungos. \u00c9 uma tinta destinada para pintura de paredes interiores devido ao acabamento sedoso e boa lacagem que apresenta. Sedosa [&hellip;]<\/p>\n","protected":false},"featured_media":3705,"template":"","meta":{"_et_pb_use_builder":"","_et_pb_old_content":"","_et_gb_content_width":""},"product_brand":[],"product_cat":[175,24,218],"product_tag":[],"class_list":{"0":"post-3701","1":"product","2":"type-product","3":"status-publish","4":"has-post-thumbnail","6":"product_cat-neuce","7":"product_cat-pinturas","8":"product_cat-tinta-interior","10":"first","11":"instock","12":"shipping-taxable","13":"purchasable","14":"product-type-variable"},"_links":{"self":[{"href":"https:\/\/www.marquesmater.pt\/novo\/wp-json\/wp\/v2\/product\/3701","targetHints":{"allow":["GET"]}}],"collection":[{"href":"https:\/\/www.marquesmater.pt\/novo\/wp-json\/wp\/v2\/product"}],"about":[{"href":"https:\/\/www.marquesmater.pt\/novo\/wp-json\/wp\/v2\/types\/product"}],"wp:featuredmedia":[{"embeddable":true,"href":"https:\/\/www.marquesmater.pt\/novo\/wp-json\/wp\/v2\/media\/3705"}],"wp:attachment":[{"href":"https:\/\/www.marquesmater.pt\/novo\/wp-json\/wp\/v2\/media?parent=3701"}],"wp:term":[{"taxonomy":"product_brand","embeddable":true,"href":"https:\/\/www.marquesmater.pt\/novo\/wp-json\/wp\/v2\/product_brand?post=3701"},{"taxonomy":"product_cat","embeddable":true,"href":"https:\/\/www.marquesmater.pt\/novo\/wp-json\/wp\/v2\/product_cat?post=3701"},{"taxonomy":"product_tag","embeddable":true,"href":"https:\/\/www.marquesmater.pt\/novo\/wp-json\/wp\/v2\/product_tag?post=3701"}],"curies":[{"name":"wp","href":"https:\/\/api.w.org\/{rel}","templated":true}]}}