{"id":3574,"date":"2023-01-12T18:03:59","date_gmt":"2023-01-12T18:03:59","guid":{"rendered":"https:\/\/www.marquesmater.pt\/novo\/?post_type=product&#038;p=3574"},"modified":"2026-03-19T10:00:44","modified_gmt":"2026-03-19T10:00:44","slug":"medidor-laser-de-distancias","status":"publish","type":"product","link":"https:\/\/www.marquesmater.pt\/novo\/produto\/medidor-laser-de-distancias\/","title":{"rendered":"MEDIDOR LASER DE DIST\u00c2NCIAS"},"content":{"rendered":"<p>Caracter\u00edsticas: &#8211; Comprimento de onda do laser: 650 nm; &#8211; Pot\u00eancia do laser: Classe 2 &lt; 1 mW; &#8211; Unidades de medi\u00e7\u00e3o: m\/ft; &#8211; Intervalo de medi\u00e7\u00e3o: 0,2 &#8211; 20 m; &#8211; Precis\u00e3o: \u00b1 3.0 mm\/m; &#8211; Desligar autom\u00e1tico: laser: 30 seg; &#8211; medidor: 180 seg.<\/p>\n<h3>DADOS T\u00c9CNICOS<\/h3>\n<div>\n<table class=\"table\">\n<tbody>\n<tr>\n<td>Pot\u00eancia nominal<\/td>\n<td><strong>3 V (2 x 1,5 V LR03)<\/strong><\/td>\n<\/tr>\n<tr>\n<td>Comprimento de onda do laser<\/td>\n<td><strong>650 nm<\/strong><\/td>\n<\/tr>\n<tr>\n<td>Pot\u00eancia do laser<\/td>\n<td><strong>Classe 2 &lt; 1 mW<\/strong><\/td>\n<\/tr>\n<tr>\n<td>Unidades de medida<\/td>\n<td><strong>m\/ft<\/strong><\/td>\n<\/tr>\n<tr>\n<td>Intervalo de medi\u00e7\u00e3o<\/td>\n<td><strong>0,2 &#8211; 20 m<\/strong><\/td>\n<\/tr>\n<tr>\n<td>Precis\u00e3o<\/td>\n<td><strong>\u00b1 3.0 mm\/m<\/strong><\/td>\n<\/tr>\n<tr>\n<td>Desligar autom\u00e1tico &#8211; laser<\/td>\n<td><strong>30 segundos<\/strong><\/td>\n<\/tr>\n<tr>\n<td>Desligar autom\u00e1tico &#8211; medidor<\/td>\n<td><strong>180 segundos<\/strong><\/td>\n<\/tr>\n<tr>\n<td>Temperatura de trabalho<\/td>\n<td><strong>0 &#8211; 40\u00ba C<\/strong><\/td>\n<\/tr>\n<tr>\n<td>Peso do produto<\/td>\n<td><strong>46 g<\/strong><\/td>\n<\/tr>\n<tr>\n<td>Dimens\u00e3o<\/td>\n<td><strong>36 x 22 x 102 mm<\/strong><\/td>\n<\/tr>\n<tr>\n<td>Peso com caixa<\/td>\n<td><strong>140 g<\/strong><\/td>\n<\/tr>\n<tr>\n<td>Dimens\u00f5es da caixa<\/td>\n<td><strong>120 x 80 x 200 mm<\/strong><\/td>\n<\/tr>\n<\/tbody>\n<\/table>\n<\/div>\n","protected":false},"excerpt":{"rendered":"<p>Caracter\u00edsticas: &#8211; Comprimento de onda do laser: 650 nm; &#8211; Pot\u00eancia do laser: Classe 2 &lt; 1 mW; &#8211; Unidades de medi\u00e7\u00e3o: m\/ft; &#8211; Intervalo de medi\u00e7\u00e3o: 0,2 &#8211; 20 m; &#8211; Precis\u00e3o: \u00b1 3.0 mm\/m; &#8211; Desligar autom\u00e1tico: laser: 30 seg; &#8211; medidor: 180 seg. DADOS T\u00c9CNICOS Pot\u00eancia nominal 3 V (2 x 1,5 [&hellip;]<\/p>\n","protected":false},"featured_media":3575,"template":"","meta":{"_et_pb_use_builder":"","_et_pb_old_content":"","_et_gb_content_width":""},"product_brand":[],"product_cat":[220,225],"product_tag":[],"class_list":{"0":"post-3574","1":"product","2":"type-product","3":"status-publish","4":"has-post-thumbnail","6":"product_cat-ferramentas-a-bateria","7":"product_cat-niveis-ferramentas-a-bateria","9":"first","10":"instock","11":"shipping-taxable","12":"purchasable","13":"product-type-simple"},"_links":{"self":[{"href":"https:\/\/www.marquesmater.pt\/novo\/wp-json\/wp\/v2\/product\/3574","targetHints":{"allow":["GET"]}}],"collection":[{"href":"https:\/\/www.marquesmater.pt\/novo\/wp-json\/wp\/v2\/product"}],"about":[{"href":"https:\/\/www.marquesmater.pt\/novo\/wp-json\/wp\/v2\/types\/product"}],"wp:featuredmedia":[{"embeddable":true,"href":"https:\/\/www.marquesmater.pt\/novo\/wp-json\/wp\/v2\/media\/3575"}],"wp:attachment":[{"href":"https:\/\/www.marquesmater.pt\/novo\/wp-json\/wp\/v2\/media?parent=3574"}],"wp:term":[{"taxonomy":"product_brand","embeddable":true,"href":"https:\/\/www.marquesmater.pt\/novo\/wp-json\/wp\/v2\/product_brand?post=3574"},{"taxonomy":"product_cat","embeddable":true,"href":"https:\/\/www.marquesmater.pt\/novo\/wp-json\/wp\/v2\/product_cat?post=3574"},{"taxonomy":"product_tag","embeddable":true,"href":"https:\/\/www.marquesmater.pt\/novo\/wp-json\/wp\/v2\/product_tag?post=3574"}],"curies":[{"name":"wp","href":"https:\/\/api.w.org\/{rel}","templated":true}]}}