{"id":3568,"date":"2023-01-12T12:48:51","date_gmt":"2023-01-12T12:48:51","guid":{"rendered":"https:\/\/www.marquesmater.pt\/novo\/?post_type=product&#038;p=3568"},"modified":"2026-03-19T10:01:52","modified_gmt":"2026-03-19T10:01:52","slug":"carregador-duplo-rapido-20v","status":"publish","type":"product","link":"https:\/\/www.marquesmater.pt\/novo\/produto\/carregador-duplo-rapido-20v\/","title":{"rendered":"CARREGADOR DUPLO R\u00c1PIDO 20V"},"content":{"rendered":"<h2>ESPECIFICA\u00c7\u00d5ES T\u00c9CNICAS<\/h2>\n<h3>DADOS T\u00c9CNICOS<\/h3>\n<div>\n<table class=\"table\">\n<tbody>\n<tr>\n<td>Cabo de alimenta\u00e7\u00e3o<\/td>\n<td><strong>1,9 m<\/strong><\/td>\n<\/tr>\n<tr>\n<td>Led de estado de carga<\/td>\n<td><strong>Sim<\/strong><\/td>\n<\/tr>\n<\/tbody>\n<\/table>\n<\/div>\n","protected":false},"excerpt":{"rendered":"<p>ESPECIFICA\u00c7\u00d5ES T\u00c9CNICAS DADOS T\u00c9CNICOS Cabo de alimenta\u00e7\u00e3o 1,9 m Led de estado de carga Sim<\/p>\n","protected":false},"featured_media":3569,"template":"","meta":{"_et_pb_use_builder":"","_et_pb_old_content":"","_et_gb_content_width":""},"product_brand":[],"product_cat":[226,220,173],"product_tag":[],"class_list":{"0":"post-3568","1":"product","2":"type-product","3":"status-publish","4":"has-post-thumbnail","6":"product_cat-carregadores-e-bateria","7":"product_cat-ferramentas-a-bateria","8":"product_cat-vito","10":"first","11":"onbackorder","12":"shipping-taxable","13":"purchasable","14":"product-type-simple"},"_links":{"self":[{"href":"https:\/\/www.marquesmater.pt\/novo\/wp-json\/wp\/v2\/product\/3568","targetHints":{"allow":["GET"]}}],"collection":[{"href":"https:\/\/www.marquesmater.pt\/novo\/wp-json\/wp\/v2\/product"}],"about":[{"href":"https:\/\/www.marquesmater.pt\/novo\/wp-json\/wp\/v2\/types\/product"}],"wp:featuredmedia":[{"embeddable":true,"href":"https:\/\/www.marquesmater.pt\/novo\/wp-json\/wp\/v2\/media\/3569"}],"wp:attachment":[{"href":"https:\/\/www.marquesmater.pt\/novo\/wp-json\/wp\/v2\/media?parent=3568"}],"wp:term":[{"taxonomy":"product_brand","embeddable":true,"href":"https:\/\/www.marquesmater.pt\/novo\/wp-json\/wp\/v2\/product_brand?post=3568"},{"taxonomy":"product_cat","embeddable":true,"href":"https:\/\/www.marquesmater.pt\/novo\/wp-json\/wp\/v2\/product_cat?post=3568"},{"taxonomy":"product_tag","embeddable":true,"href":"https:\/\/www.marquesmater.pt\/novo\/wp-json\/wp\/v2\/product_tag?post=3568"}],"curies":[{"name":"wp","href":"https:\/\/api.w.org\/{rel}","templated":true}]}}

CARREGADOR DUPLO RÁPIDO 20V

<h2>ESPECIFICAÇÕES TÉCNICAS</h2>
<h3>DADOS TÉCNICOS</h3>
<div>
<table class="table">
<tbody>
<tr>
<td>Cabo de alimentação</td>
<td><strong>1,9 m</strong></td>
</tr>
<tr>
<td>Led de estado de carga</td>
<td><strong>Sim</strong></td>
</tr>
</tbody>
</table>
</div>

<p>ESPECIFICAÇÕES TÉCNICAS DADOS TÉCNICOS Cabo de alimentação 1,9 m Led de estado de carga Sim</p>
