{"id":3540,"date":"2023-01-10T16:26:22","date_gmt":"2023-01-10T16:26:22","guid":{"rendered":"https:\/\/www.marquesmater.pt\/novo\/?post_type=product&#038;p=3540"},"modified":"2025-01-01T00:19:04","modified_gmt":"2025-01-01T00:19:04","slug":"mini-compressor-portatil-2","status":"publish","type":"product","link":"https:\/\/www.marquesmater.pt\/novo\/produto\/mini-compressor-portatil-2\/","title":{"rendered":"MINI COMPRESSOR PORT\u00c1TIL"},"content":{"rendered":"<p>&nbsp;<\/p>\n<h2>ESPECIFICA\u00c7\u00d5ES T\u00c9CNICAS<\/h2>\n<h3>DADOS T\u00c9CNICOS<\/h3>\n<div>\n<table class=\"table\">\n<tbody>\n<tr>\n<td>Tens\u00e3o de alimenta\u00e7\u00e3o<\/td>\n<td><strong>230 V AC 50Hz<\/strong><\/td>\n<\/tr>\n<tr>\n<td>Press\u00e3o m\u00e1xima<\/td>\n<td><strong>10,3 bar \/ 150 psi<\/strong><\/td>\n<\/tr>\n<tr>\n<td>Press\u00e3o de trabalho<\/td>\n<td><strong>8 bar \/ 115 psi<\/strong><\/td>\n<\/tr>\n<tr>\n<td>Caudal m\u00e1ximo de ar<\/td>\n<td><strong>35 L\/min<\/strong><\/td>\n<\/tr>\n<tr>\n<td>Corrente nominal do fus\u00edvel<\/td>\n<td><strong>5 A<\/strong><\/td>\n<\/tr>\n<tr>\n<td>Mangueira de ar<\/td>\n<td><strong>780 mm<\/strong><\/td>\n<\/tr>\n<tr>\n<td>Peso<\/td>\n<td><strong>1,9 Kg<\/strong><\/td>\n<\/tr>\n<tr>\n<td>Dimens\u00f5es<\/td>\n<td><strong>190 x 90 x 150 mm<\/strong><\/td>\n<\/tr>\n<tr>\n<td>W<\/td>\n<td><strong>140<\/strong><\/td>\n<\/tr>\n<tr>\n<td>V<\/td>\n<td><strong>230<\/strong><\/td>\n<\/tr>\n<\/tbody>\n<\/table>\n<\/div>\n","protected":false},"excerpt":{"rendered":"<p>&nbsp; ESPECIFICA\u00c7\u00d5ES T\u00c9CNICAS DADOS T\u00c9CNICOS Tens\u00e3o de alimenta\u00e7\u00e3o 230 V AC 50Hz Press\u00e3o m\u00e1xima 10,3 bar \/ 150 psi Press\u00e3o de trabalho 8 bar \/ 115 psi Caudal m\u00e1ximo de ar 35 L\/min Corrente nominal do fus\u00edvel 5 A Mangueira de ar 780 mm Peso 1,9 Kg Dimens\u00f5es 190 x 90 x 150 mm W [&hellip;]<\/p>\n","protected":false},"featured_media":3541,"template":"","meta":{"_et_pb_use_builder":"","_et_pb_old_content":"","_et_gb_content_width":""},"product_brand":[],"product_cat":[227,228,173],"product_tag":[],"class_list":{"0":"post-3540","1":"product","2":"type-product","3":"status-publish","4":"has-post-thumbnail","6":"product_cat-ar-comprimido","7":"product_cat-compressores-ar-comprimido","8":"product_cat-vito","10":"first","11":"instock","12":"shipping-taxable","13":"purchasable","14":"product-type-simple"},"_links":{"self":[{"href":"https:\/\/www.marquesmater.pt\/novo\/wp-json\/wp\/v2\/product\/3540","targetHints":{"allow":["GET"]}}],"collection":[{"href":"https:\/\/www.marquesmater.pt\/novo\/wp-json\/wp\/v2\/product"}],"about":[{"href":"https:\/\/www.marquesmater.pt\/novo\/wp-json\/wp\/v2\/types\/product"}],"wp:featuredmedia":[{"embeddable":true,"href":"https:\/\/www.marquesmater.pt\/novo\/wp-json\/wp\/v2\/media\/3541"}],"wp:attachment":[{"href":"https:\/\/www.marquesmater.pt\/novo\/wp-json\/wp\/v2\/media?parent=3540"}],"wp:term":[{"taxonomy":"product_brand","embeddable":true,"href":"https:\/\/www.marquesmater.pt\/novo\/wp-json\/wp\/v2\/product_brand?post=3540"},{"taxonomy":"product_cat","embeddable":true,"href":"https:\/\/www.marquesmater.pt\/novo\/wp-json\/wp\/v2\/product_cat?post=3540"},{"taxonomy":"product_tag","embeddable":true,"href":"https:\/\/www.marquesmater.pt\/novo\/wp-json\/wp\/v2\/product_tag?post=3540"}],"curies":[{"name":"wp","href":"https:\/\/api.w.org\/{rel}","templated":true}]}}