{"id":1269,"date":"2018-08-06T08:46:50","date_gmt":"2018-08-06T08:46:50","guid":{"rendered":"http:\/\/www.marquesmater.pt\/novo\/?page_id=1269"},"modified":"2018-08-09T10:41:52","modified_gmt":"2018-08-09T10:41:52","slug":"politica-de-cookies","status":"publish","type":"page","link":"https:\/\/www.marquesmater.pt\/novo\/politica-de-cookies\/","title":{"rendered":"Pol\u00edtica de Cookies"},"content":{"rendered":"<p>[et_pb_section bb_built=&#8221;1&#8243;][et_pb_row][et_pb_column type=&#8221;4_4&#8243;][et_pb_text _builder_version=&#8221;3.6&#8243;]<\/p>\n<h3>Pol\u00edtica de cookies<\/h3>\n<ol>\n<li><strong> Introdu\u00e7\u00e3o<\/strong><\/li>\n<\/ol>\n<p>As plataformas digitais da MARQUESMATER-MATERIAIS DE CONSTRU\u00c7\u00c3O E PINTURAS, LDA utilizam cookies para melhorar o respetivo desempenho e a experi\u00eancia do utilizador. Esta p\u00e1gina procura explicar como o fazemos.<\/p>\n<p>Nas plataformas digitais da MARQUESMATER-MATERIAIS DE CONSTRU\u00c7\u00c3O E PINTURAS, LDA, utilizamos cookies pr\u00f3prios e de terceiros. Alguns cookies s\u00e3o obrigat\u00f3rios \u2013 cookies b\u00e1sicos e imprescind\u00edveis \u2013 para a navega\u00e7\u00e3o e s\u00e3o ativados automaticamente quando utiliza as nossas plataformas digitais.<\/p>\n<p>Para garantir apenas as funcionalidades b\u00e1sicas das plataformas digitais da MARQUESMATER-MATERIAIS DE CONSTRU\u00c7\u00c3O E PINTURAS, LDA, os dados recolhidos pelos cookies b\u00e1sicos e imprescind\u00edveis utilizados e colocados nas plataformas digitais da MARQUESMATER-MATERIAIS DE CONSTRU\u00c7\u00c3O E PINTURAS, LDA s\u00e3o obrigat\u00f3rios para lhe fornecer um servi\u00e7o de qualidade.<\/p>\n<p>Para aceder a uma melhor experi\u00eancia de utiliza\u00e7\u00e3o, pode optar por cookies que promovam as funcionalidades avan\u00e7adas das plataformas digitais da MARQUESMATER-MATERIAIS DE CONSTRU\u00c7\u00c3O E PINTURAS, LDA.<\/p>\n<p>A qualquer momento, o utilizador pode configurar o seu navegador de internet (browser) paraaceitar ou rejeitar novos cookies, bem como pode desativar cookies previamente armazenados no seu dispositivo. A rejei\u00e7\u00e3o de utiliza\u00e7\u00e3o de cookies nas plataformas digitais da MARQUESMATER-MATERIAIS DE CONSTRU\u00c7\u00c3O E PINTURAS, LDA pode limitar ou impossibilitar o acesso a algumas \u00e1reas e conte\u00fados ou limitar a rece\u00e7\u00e3o de informa\u00e7\u00e3o personalizada.<\/p>\n<ol start=\"2\">\n<li><strong> O que s\u00e3o cookies?<\/strong><\/li>\n<\/ol>\n<p>Um cookie \u00e9 um pequeno ficheiro em formato de texto colocado no seu computador ou dispositivo m\u00f3vel, atrav\u00e9s do navegador de internet, durante uma visita a uma plataforma digital, com a finalidade de armazenar, recuperar ou atualizar dados.<\/p>\n<p>Estes ficheiros permitem que a plataforma digital se \u00ablembre\u00bb das a\u00e7\u00f5es e prefer\u00eancias do utilizador, nomeadamente do nome, da l\u00edngua escolhida, do tamanho dos carateres e de outras defini\u00e7\u00f5es de visualiza\u00e7\u00e3o; evitam que tenha de inserir o seu nome cada vez que acede; ou que seja necess\u00e1rio voltar a configurar a plataforma digital cada vez que a visita.<\/p>\n<p>A maioria dos cookies n\u00e3o recolhe informa\u00e7\u00f5es que permitam identificar os utilizadores e limita-se a recolher informa\u00e7\u00f5es de natureza mais geral, tais como a origem do utilizador que chega \u00e0 plataforma digital ou a localiza\u00e7\u00e3o aproximada do utilizador.<\/p>\n<ol start=\"3\">\n<li><strong>Que tipo de cookies h\u00e1 nas plataformas digitais daMARQUESMATER-MATERIAIS DE CONSTRU\u00c7\u00c3O E PINTURAS, LDA?<\/strong><\/li>\n<\/ol>\n<p>As plataformas digitais MARQUESMATER-MATERIAIS DE CONSTRU\u00c7\u00c3O E PINTURAS, LDA utilizam v\u00e1rios tipos de cookies, que possibilitam dois tipos de funcionalidades, com diferentes graus de otimiza\u00e7\u00e3o da experi\u00eancia de navega\u00e7\u00e3o e n\u00edveis de servi\u00e7o:<\/p>\n<p>\u2013 &nbsp;Funcionalidades<strong> b\u00e1sicas:<\/strong><\/p>\n<ul>\n<li>Cookies b\u00e1sicos e imprescind\u00edveis.<\/li>\n<\/ul>\n<p>\u2013 &nbsp;Funcionalidades&nbsp;avan\u00e7adas<strong>:<\/strong><\/p>\n<ul>\n<li>Cookies de consumo;<\/li>\n<li>Cookies de personaliza\u00e7\u00e3o;<\/li>\n<li>Cookies sociais.<\/li>\n<\/ul>\n<p><strong><u>COOKIES B\u00c1SICOS E IMPRESCIND\u00cdVEIS<\/u><\/strong><\/p>\n<p>Estes cookies s\u00e3o imprescind\u00edveis para lhe fornecer um servi\u00e7o de qualidade. S\u00e3o obrigat\u00f3rios para navegar nas plataformas digitais daMARQUESMATER-MATERIAIS DE CONSTRU\u00c7\u00c3O E PINTURAS, LDA epermitem quantificar o n\u00famero de utilizadores e executar a medi\u00e7\u00e3o e an\u00e1lise estat\u00edstica da utiliza\u00e7\u00e3o dada pelos utilizadores do nosso site. Servem para analisar a navega\u00e7\u00e3o no nosso site, a fim de melhorar a oferta de produtos ou servi\u00e7os que disponibilizamospermitindo-nos cumprir as nossas obriga\u00e7\u00f5es legais. Possibilitam, tamb\u00e9m, a divulga\u00e7\u00e3o de publicidade gen\u00e9rica, sem personaliza\u00e7\u00e3o e menos relevante para si, sem recurso a perfil automatizado.<\/p>\n<p>As plataformas digitais daMARQUESMATER-MATERIAIS DE CONSTRU\u00c7\u00c3O E PINTURAS, LDA &nbsp;utilizam servi\u00e7os do Google, nomeadamente Google DFP (DoubleClick For Publishers) e Google Analytics.Para conhecer a Pol\u00edtica de Privacidade e Termos de Utiliza\u00e7\u00e3o do Google,&nbsp;<a href=\"https:\/\/policies.google.com\/?hl=pt-PT\">clique aqui<\/a>.<\/p>\n<p>Exemplos de funcionalidades permitidas:<\/p>\n<ul>\n<li>Lembrar do progresso da sua tarefa ou transa\u00e7\u00e3o;<\/li>\n<li>Conduzir an\u00e1lises para otimizar funcionamento;<\/li>\n<li>Assegurar que as nossas plataformas digitais t\u00eam um aspeto consistente;<\/li>\n<li>Promover campanhas publicit\u00e1rias indiferenciadas,&nbsp;sem recurso a perfil automatizado.<\/li>\n<\/ul>\n<p><strong><u>COOKIES DE CONSUMO<\/u><\/strong><\/p>\n<p>Estes cookies permitem personalizar as ofertas comerciais que lhe s\u00e3o apresentadas, direcionando-as em fun\u00e7\u00e3o das suas prefer\u00eancias. Podem ser cookies pr\u00f3prios ou de terceiros. Estes cookies ajudam a analisar a efic\u00e1cia daquelas ofertas, atrav\u00e9s da monitoriza\u00e7\u00e3o de padr\u00f5es de consumo. A n\u00e3o aceita\u00e7\u00e3o impede-o de receber ofertas adequadas aos seus interesses de elei\u00e7\u00e3o. Alertamos que, mesmo n\u00e3o aceitando estes cookies, ir\u00e1 receber ofertas comerciais, mas sem corresponderem \u00e0s suas prefer\u00eancias.<\/p>\n<p><strong><u>COOKIES DE PERSONALIZA\u00c7\u00c3O<\/u><\/strong><\/p>\n<p>Estes cookies oferecem uma experi\u00eancia mais personalizada e completa dos conte\u00fados da MARQUESMATER-MATERIAIS DE CONSTRU\u00c7\u00c3O E PINTURAS, LDA, permitem guardar prefer\u00eancias, mostrar-lhe conte\u00fados relevantes para o seu gosto e enviar-lhe os alertas que tenha solicitado.<\/p>\n<p>Exemplos de funcionalidades permitidas:<\/p>\n<ul>\n<li>Enviar os alertas de informa\u00e7\u00e3o que tenha solicitado;<\/li>\n<li>Analisar a utiliza\u00e7\u00e3o das nossas plataformas digitais para fornecer conte\u00fados personalizados.<\/li>\n<\/ul>\n<p><strong><u>COOKIES SOCIAIS<\/u><\/strong><\/p>\n<p>Estes cookies permitem-lhe estar em contacto com a sua rede social, partilhar conte\u00fados, enviar e divulgar coment\u00e1rios.<\/p>\n<p>As plataformas digitais da MARQUESMATER-MATERIAIS DE CONSTRU\u00c7\u00c3O E PINTURAS, LDA. utilizam servi\u00e7os do Facebook, ShareThis e Disqus.<\/p>\n<p>Exemplos de funcionalidades permitidas:<\/p>\n<ul>\n<li>Permitir que terceiros forne\u00e7am ferramentas de partilha social;<\/li>\n<li>Permitir o envio e a divulga\u00e7\u00e3o de coment\u00e1rios.<\/li>\n<\/ul>\n<p>Exemplos (n\u00e3o exaustivo):<\/p>\n<table width=\"581\">\n<tbody>\n<tr>\n<td><strong>TIPOS DE COOKIES<\/strong><\/td>\n<td><strong>PARA QUE SERVEM<\/strong><\/td>\n<\/tr>\n<tr>\n<td>Facebook<\/td>\n<td><a href=\"https:\/\/www.facebook.com\/privacy\/explanation\">https:\/\/www.facebook.com\/privacy\/explanation<\/a><\/p>\n<p>A MARQUESMATER-MATERIAIS DE CONSTRU\u00c7\u00c3O E PINTURAS, LDA utiliza o servi\u00e7o Facebook para que possa partilhar conte\u00fados com a sua rede.<\/td>\n<\/tr>\n<tr>\n<td>Google DoubleClick<\/td>\n<td><a href=\"https:\/\/www.google.com\/settings\/ads\/plugin\">https:\/\/www.google.com\/settings\/ads\/plugin<\/a><br \/>\nA MARQUESMATER-MATERIAIS DE CONSTRU\u00c7\u00c3O E PINTURAS, LDA utiliza o servi\u00e7o Google DoubleClick para medir a efic\u00e1cia das suas campanhas digitais.<\/td>\n<\/tr>\n<tr>\n<td>Google Analytics<\/td>\n<td><a href=\"https:\/\/tools.google.com\/dlpage\/gaoptout?hl=en\">https:\/\/tools.google.com\/dlpage\/gaoptout?hl=en<\/a><\/p>\n<p>A MARQUESMATER-MATERIAIS DE CONSTRU\u00c7\u00c3O E PINTURAS, LDA utiliza o servi\u00e7o Google Analytics para avaliar o seu desempenho online (incluindo aplica\u00e7\u00f5es m\u00f3veis).<\/td>\n<\/tr>\n<\/tbody>\n<\/table>\n<ol start=\"4\">\n<li><strong> Todos os cookies ficam armazenados para sempre?<\/strong><\/li>\n<\/ol>\n<p>N\u00e3o, h\u00e1 cookies permanentes e cookies de sess\u00e3o:<\/p>\n<ul>\n<li><strong>Cookies permanentes<\/strong>: ficam armazenados ao n\u00edvel do navegador de internet, nos dispositivos de acesso do utilizador (computador,&nbsp;<em>tablet&nbsp;<\/em>e&nbsp;<em>mobile<\/em>), e s\u00e3o utilizados sempre que o utilizador faz uma nova visita \u00e0s plataformas digitais. Geralmente, s\u00e3o utilizados para direcionar a navega\u00e7\u00e3o para responder aos interesses do utilizador, permitindo \u00e0 MARQUESMATER-MATERIAIS DE CONSTRU\u00c7\u00c3O E PINTURAS, LDA prestar um servi\u00e7o mais personalizado;<\/li>\n<li><strong>Cookies de sess\u00e3o:<\/strong>&nbsp;s\u00e3o tempor\u00e1rios, permanecem nos cookies do seu navegador de internet at\u00e9 sair das plataformas digitais. A informa\u00e7\u00e3o obtida permite identificar problemas e encontrar solu\u00e7\u00f5es para oferecer uma melhor experi\u00eancia de navega\u00e7\u00e3o.<\/li>\n<\/ul>\n<ol start=\"5\">\n<li><strong> Como posso alterar as minhas prefer\u00eancias?<\/strong><\/li>\n<\/ol>\n<p>No in\u00edcio da sua navega\u00e7\u00e3o, ter\u00e1 oportunidade de escolher se as plataformas digitais da MARQUESMATER-MATERIAIS DE CONSTRU\u00c7\u00c3O E PINTURAS, LDA podem utilizar cookies b\u00e1sicos e imprescind\u00edveis, cookies de consumo, cookies de personaliza\u00e7\u00e3o e cookies sociais. A MARQUESMATER-MATERIAIS DE CONSTRU\u00c7\u00c3O E PINTURAS, LDA compromete-se, salvo erro t\u00e9cnico ou outras circunst\u00e2ncias excecionais, a carregar apenas as prefer\u00eancias definidas pelo utilizador. No in\u00edcio da navega\u00e7\u00e3o das plataformas digitais daMARQUESMATER-MATERIAIS DE CONSTRU\u00c7\u00c3O E PINTURAS, LDA. ,antes de optar pelos v\u00e1rios tipos de cookies, ser\u00e3o sempre ativados os cookies b\u00e1sicos e imprescind\u00edveis.<\/p>\n<p>A qualquer momento pode utilizar a&nbsp;ferramenta de gest\u00e3o das defini\u00e7\u00f5es.<\/p>\n<ol start=\"6\">\n<li><strong> Posso desativar o uso de cookies?<\/strong><\/li>\n<\/ol>\n<p>Apesar de os cookies auxiliarem o utilizador a tirar o m\u00e1ximo proveito das plataformas digitais da MARQUESMATER-MATERIAIS DE CONSTRU\u00c7\u00c3O E PINTURAS, LDA, o utilizador pode optar por desativar os cookies de consumo, cookies de personaliza\u00e7\u00e3o ou cookies sociais que se encontrem no seu navegador de internet, atrav\u00e9s da respetiva&nbsp;ferramenta de gest\u00e3o das defini\u00e7\u00f5es.<\/p>\n<p>No entanto, ao desativar os cookies, as plataformas digitais da MARQUESMATER-MATERIAIS DE CONSTRU\u00c7\u00c3O E PINTURAS, LDA ter\u00e3o um desempenho diferente, com menor n\u00edvel de servi\u00e7o.<\/p>\n<p>Caso opte por remover os cookies de consumo, cookies de personaliza\u00e7\u00e3o ou cookies sociais colocados nas nossas plataformas digitais, poder\u00e1 ter de configurar manualmente algumas prefer\u00eancias sempre que visitar uma plataforma digital e corre o risco de desativar determinados servi\u00e7os e funcionalidades.<\/p>\n<p>Para modificar as suas defini\u00e7\u00f5es ou desativar a utiliza\u00e7\u00e3o de cookies, pode, tamb\u00e9m, seguir as instru\u00e7\u00f5es fornecidas no seu navegador de internet ou dispositivo (normalmente, localizadas em \u00abDefini\u00e7\u00f5es\u00bb ou \u00abPrefer\u00eancias\u00bb).<\/p>\n<p>Abaixo, listamos&nbsp;<em>links<\/em>&nbsp;\u00fateis de navegadores de internet:<\/p>\n<p><strong>Microsoft Edge:<\/strong><a href=\"https:\/\/privacy.microsoft.com\/en-us\/windows-10-microsoft-edge-and-privacy\">https:\/\/privacy.microsoft.com\/en-us\/windows-10-microsoft-edge-and-privacy<\/a><\/p>\n<p><strong>Microsoft Internet Explorer:<\/strong><a href=\"https:\/\/support.microsoft.com\/en-us\/help\/278835\/how-to-delete-cookie-files-in-internet-explorer\">https:\/\/support.microsoft.com\/en-us\/help\/278835\/how-to-delete-cookie-files-in-internet-explorer<\/a><\/p>\n<p><strong>Mozilla Firefox:<\/strong><a href=\"https:\/\/support.mozilla.org\/en-US\/kb\/enable-and-disable-cookies-website-preferences\">https:\/\/support.mozilla.org\/en-US\/kb\/enable-and-disable-cookies-website-preferences<\/a><\/p>\n<p><strong>Google Chrome:<\/strong><a href=\"https:\/\/support.google.com\/chrome\/answer\/95647\">https:\/\/support.google.com\/chrome\/answer\/95647<\/a><\/p>\n<p><strong>Apple Safari:<\/strong><a href=\"https:\/\/support.apple.com\/en-us\/HT201265\">https:\/\/support.apple.com\/en-us\/HT201265<\/a><\/p>\n<p><strong>Opera:<\/strong><a href=\"https:\/\/www.opera.com\/help\/tutorials\/security\/privacy\/\">https:\/\/www.opera.com\/help\/tutorials\/security\/privacy\/<\/a><\/p>\n<ol start=\"7\">\n<li>D\u00favidas?<\/li>\n<\/ol>\n<p>Em caso de d\u00favida sobre a gest\u00e3o de cookies nas plataformas digitais da MARQUESMATER-MATERIAIS DE CONSTRU\u00c7\u00c3O E PINTURAS, LDA, poder\u00e1 contactar a MARQUESMATER-MATERIAIS DE CONSTRU\u00c7\u00c3O E PINTURAS, LDA, atrav\u00e9s do endere\u00e7o eletr\u00f3nico&nbsp;<a href=\"mailto:monicamarques@marquesmater.com\">monicamarques@marquesmater.com<\/a> .<\/p>\n<p>Para mais informa\u00e7\u00f5es sobre a forma como a MARQUESMATER-MATERIAIS DE CONSTRU\u00c7\u00c3O E PINTURAS, LDA. procede ao tratamento dos dados pessoais, consulte a nossa Pol\u00edtica de Privacidade, dispon\u00edvel&nbsp;<a href=\"https:\/\/www.marquesmater.pt\/politica-de-privacidade\/\">aqui<\/a>.<\/p>\n<p>&nbsp;<\/p>\n<p>\u00daltima atualiza\u00e7\u00e3o: 03 de Agosto de 2018.<\/p>\n<p>\u2013<\/p>\n<p><a href=\"https:\/\/eur-lex.europa.eu\/legal-content\/PT\/TXT\/PDF\/?uri=CELEX:32016R0679&amp;from=PT\">Regulamento Geral sobre a Prote\u00e7\u00e3o de Dados (RGPD)<\/a>: Regulamento (UE) 2016\/679 do Parlamento Europeu e do Conselho, de 27 de abril de 2016, relativo \u00e0 prote\u00e7\u00e3o das pessoas singulares no que diz respeito ao tratamento de dados pessoais e \u00e0 livre circula\u00e7\u00e3o desses dados e que revoga a Diretiva 95\/46\/CE (Regulamento Geral sobre a Prote\u00e7\u00e3o de Dados) (JO L 119 de 4.5.2016).<\/p>\n<p>&nbsp;<\/p>\n<p>[\/et_pb_text][\/et_pb_column][\/et_pb_row][\/et_pb_section]<\/p>\n","protected":false},"excerpt":{"rendered":"<p><div class=\"et_pb_row et_pb_row_0 et_pb_row_empty\">\n\t\t\t\t\n\t\t\t\t\n\t\t\t\t\n\t\t\t\t\n\t\t\t\t\n\t\t\t<\/div> Pol\u00edtica de cookies Introdu\u00e7\u00e3o As plataformas digitais da MARQUESMATER-MATERIAIS DE CONSTRU\u00c7\u00c3O E PINTURAS, LDA utilizam cookies para melhorar o respetivo desempenho e a experi\u00eancia do utilizador. Esta p\u00e1gina procura explicar como o fazemos. Nas plataformas digitais da MARQUESMATER-MATERIAIS DE CONSTRU\u00c7\u00c3O E PINTURAS, LDA, utilizamos cookies pr\u00f3prios e de terceiros. Alguns cookies s\u00e3o obrigat\u00f3rios \u2013 [&hellip;]<\/p>\n","protected":false},"author":2,"featured_media":0,"parent":0,"menu_order":0,"comment_status":"closed","ping_status":"closed","template":"","meta":{"_et_pb_use_builder":"on","_et_pb_old_content":"","_et_gb_content_width":"","footnotes":""},"class_list":["post-1269","page","type-page","status-publish","hentry"],"_links":{"self":[{"href":"https:\/\/www.marquesmater.pt\/novo\/wp-json\/wp\/v2\/pages\/1269","targetHints":{"allow":["GET"]}}],"collection":[{"href":"https:\/\/www.marquesmater.pt\/novo\/wp-json\/wp\/v2\/pages"}],"about":[{"href":"https:\/\/www.marquesmater.pt\/novo\/wp-json\/wp\/v2\/types\/page"}],"author":[{"embeddable":true,"href":"https:\/\/www.marquesmater.pt\/novo\/wp-json\/wp\/v2\/users\/2"}],"replies":[{"embeddable":true,"href":"https:\/\/www.marquesmater.pt\/novo\/wp-json\/wp\/v2\/comments?post=1269"}],"version-history":[{"count":5,"href":"https:\/\/www.marquesmater.pt\/novo\/wp-json\/wp\/v2\/pages\/1269\/revisions"}],"predecessor-version":[{"id":1277,"href":"https:\/\/www.marquesmater.pt\/novo\/wp-json\/wp\/v2\/pages\/1269\/revisions\/1277"}],"wp:attachment":[{"href":"https:\/\/www.marquesmater.pt\/novo\/wp-json\/wp\/v2\/media?parent=1269"}],"curies":[{"name":"wp","href":"https:\/\/api.w.org\/{rel}","templated":true}]}}